{"id":17,"date":"2023-10-22T12:08:01","date_gmt":"2023-10-22T10:08:01","guid":{"rendered":"http:\/\/w-47.org\/?page_id=17"},"modified":"2023-10-22T13:13:58","modified_gmt":"2023-10-22T11:13:58","slug":"direktkredite","status":"publish","type":"page","link":"https:\/\/w-47.org\/?page_id=17","title":{"rendered":"Direktkredite"},"content":{"rendered":"\n<p>Wie bei allen anderen Projekten im Mietsh\u00e4user Syndikat sind Bankkredite und vor allem Direktkredite von solidarischen Einzelpersonen und Gruppen die Finanzierungsgrundlage unseres Hauses. Neben einem Kredit der GLS Bank, die ausschlie\u00dflich in soziale und \u00f6kologische Projekte und Unternehmen investiert, haben wir f\u00fcr den Kauf des Hauses mehr als 90.000 Euro an Direktkrediten gesammelt. Um Direktkredite wieder ausl\u00f6sen und Sanierungsarbeiten am Haus finanzieren zu k\u00f6nnen, sind wir weiterhin auf der Suche nach Menschen, die ihr Geld lieber bei uns als bei einer Bank anlegen m\u00f6chten.<\/p>\n\n\n\n<p class=\"has-medium-font-size\"><em><strong>Was sind Direktkredite?<\/strong><\/em><\/p>\n\n\n\n<p>Direktkredite sind Geldbetr\u00e4ge, die dem Projekt \u2013 ohne den Umweg \u00fcber eine Bank \u2013 direkt geliehen werden. Sie bieten Einzelpersonen und Gruppierungen die M\u00f6glichkeit einer sinnvollen, sozialen und nachhaltigen Geldanlage. Daf\u00fcr wird zwischen den KreditgeberInnen und der \u201eSL \u2013 Solidarisch Leben Heilbronn GmbH\u201c ein Kreditvertrag abgeschlossen.<\/p>\n\n\n\n<p class=\"has-medium-font-size\"><em><strong>Was haben Sie davon?<\/strong><\/em><\/p>\n\n\n\n<p>Was wir anbieten k\u00f6nnen, ist die Gewissheit, dass Ihr Geld f\u00fcr einen sozialen Zweck statt f\u00fcr eine Bank \u201earbeitet\u201c: Wir spekulieren nicht mit Wohn- und Gewerberaum, sondern stellen ihn zu erschwinglichen Preisen zur Verf\u00fcgung. Langfristig k\u00f6nnen wir neue Projekte mit \u00e4hnlichen Zielen mitfinanzieren. Direktkredite an Projekte im Mietsh\u00e4user Syndikat werden in der Regel nach solchen ideellen Gesichtspunkten vergeben, auch wenn die Zinsen, die wir Ihnen bieten k\u00f6nnen, zur Zeit aufgrund der geringen Kapitalmarktzinsen durchaus attraktiv sind.<\/p>\n\n\n\n<p class=\"has-medium-font-size\"><em><strong>Was geschieht mit Ihrem Geld?<\/strong><\/em><\/p>\n\n\n\n<p>Zun\u00e4chst&nbsp;ben\u00f6tigten wir&nbsp;das Geld&nbsp;als Eigenkapital gegen\u00fcber der Bank,&nbsp;um das Haus in der Wollhausstra\u00dfe 47 kaufen zu k\u00f6nnen. Seit uns das Haus geh\u00f6rt, wird das Geld auch f\u00fcr die Sanierung und Renovierung des Geb\u00e4udes genutzt. Au\u00dferdem k\u00f6nnen mit Direktkrediten teure Bankkredite direkt getilgt werden und wir k\u00f6nnen somit viel Geld sparen.<\/p>\n\n\n\n<p class=\"has-medium-font-size\"><em><strong>H\u00f6he der Kredite<\/strong><\/em><\/p>\n\n\n\n<p>Sie k\u00f6nnen uns einen Kredit in H\u00f6he von 500 \u20ac oder mehr zur Verf\u00fcgung stellen. Dabei sind f\u00fcr uns auch kleinere Betr\u00e4ge interessant. Kredite unter 500 \u20ac sind wegen des Verwaltungsaufwands ung\u00fcnstig.<\/p>\n\n\n\n<p class=\"has-medium-font-size\"><em><strong>Zinsen<\/strong><\/em><\/p>\n\n\n\n<p>Wir k\u00f6nnen keine hohen Zinsen zahlen, wenn wir den sozialen Charakter des Projekts erhalten wollen. Eine niedrige Zinsbelastung garantiert dauerhaft g\u00fcnstige Mietpreise und erlaubt uns, fr\u00fcher mit dem Umbau und der energetischen Sanierung des Hauses fertig zu werden und unsere Bankkredite schneller zu tilgen. Eine private Bereicherung durch Gewinne oder Spekulation ist durch Mitgliedschaft im Mietsh\u00e4user Syndikat ausgeschlossen.<\/p>\n\n\n\n<p class=\"has-medium-font-size\"><em><strong>K\u00fcndigungsfrist und Laufzeit<\/strong><\/em><\/p>\n\n\n\n<p>Direktkredite k\u00f6nnen befristet mit einer Laufzeit von 3 Monaten oder mehr oder unbefristet gegeben werden. Kredite mit langen Laufzeiten sind besonders hilfreich, weil sie eine hohe Planungssicherheit und niedrige Verwaltungskosten mit sich bringen. Gerade bei gro\u00dfen Kreditsummen ist das f\u00fcr uns wichtig.<br>Daher w\u00fcnschen wir uns ab einer Anlageh\u00f6he von 10.000 Euro eine K\u00fcndigungsfrist von 6 Monaten. Befristete Kredite enden automatisch nach der vereinbarten Zeit, wenn sie nicht verl\u00e4ngert werden. Bei unbefristeten Direktkrediten betr\u00e4gt die K\u00fcndigungsfrist im Normalfall drei Monate. Wir bitten Sie, die vereinbarten Laufzeiten und K\u00fcndigungsfristen einzuhalten, damit wir sicher planen k\u00f6nnen.<\/p>\n\n\n\n<p class=\"has-medium-font-size\"><em><strong>Wie viel Sicherheit gibt es?<\/strong><\/em><\/p>\n\n\n\n<p>Bank\u00fcbliche Sicherheiten d\u00fcrfen wir nicht garantieren. Trotzdem haben wir viel zu bieten, was uns zu vertrauensw\u00fcrdigen Partner\/-innen macht:<\/p>\n\n\n\n<p><em>1) Solidarzusammenschluss<\/em><\/p>\n\n\n\n<p>Unser Hausprojekt ist Teil des Mietsh\u00e4user Syndikats, unter dessen Dach seit fast zwanzig Jahren gut funktionierende und von vielen Menschen gemeinsam getragene Projekte existieren. Zus\u00e4tzlich k\u00f6nnen wir direkt auf das Know-How und die Erfahrung von Projekten in anderen St\u00e4dten zur\u00fcckgreifen.<\/p>\n\n\n\n<p><em>2) Realistische Finanzplanung<\/em><\/p>\n\n\n\n<p>Unser Finanzierungsplan wurde in enger Zusammenarbeit mit der Regionalen Koordination des Mietsh\u00e4user Syndikats in T\u00fcbingen erstellt. Die Kalkulationen sind solide und ber\u00fccksichtigen die Ertragskraft des Projekts. Diese ergibt sich aus den Mieteinnahmen, die das Fundament zur Tilgung der Kredite bilden. Mit zunehmender Tilgung sinkt die Verschuldung \u2013 entsprechend erh\u00f6ht sich die Stabilit\u00e4t.<\/p>\n\n\n\n<p class=\"has-medium-font-size\"><em><strong>Transparente Geldanlage<\/strong><\/em><\/p>\n\n\n\n<p>Sie k\u00f6nnen jederzeit vor Ort sehen, wo ihr Geld steckt und was damit geschieht. Sie bekommen regelm\u00e4\u00dfig Informationen \u00fcber die Entwicklung des Projekts. So bleibt die Verwendung Ihrer Geldanlage transparent.<\/p>\n\n\n\n<p class=\"has-medium-font-size\"><em><strong>Auch darauf m\u00f6chten wir hinweisen:<\/strong><\/em><\/p>\n\n\n\n<p>F\u00fcr den Fall eines \u00f6konomischen Engpasses des Projekts, z.B. durch noch zu bezahlende Handwerkerrechnungen, die also vorrangig zur\u00fcckbezahlt werden m\u00fcssen, k\u00f6nnen Direktkredite nicht sofort zur\u00fcckgezahlt werden, wenn dadurch das Projekt zahlungsunf\u00e4hig w\u00fcrde. Die Kreditgeber\/-innen werden im Falle einer Insolvenz nachrangig bedient. Zuerst erhalten andere Gl\u00e4ubiger, etwa Banken, ihr Geld zur\u00fcck.<\/p>\n\n\n\n<p class=\"has-medium-font-size\"><em><strong>Was ist sonst noch wichtig?<\/strong><\/em><\/p>\n\n\n\n<p><em>Verwaltungskosten<\/em><\/p>\n\n\n\n<p>Die Verwaltungskosten sind durch Mindestlaufzeiten, Mindesth\u00f6he und feste K\u00fcndigungsdaten niedrig. Alle anfallenden Kosten tr\u00e4gt selbstverst\u00e4ndlich das Projekt. F\u00fcr Sie gibt es keinerlei Geb\u00fchren oder \u00e4hnliches.<\/p>\n\n\n\n<p><em>Steuern<\/em><\/p>\n\n\n\n<p>Im Gegensatz zu Banken sind wir nicht berechtigt, Kapitalertragssteuer einzubehalten und abzuf\u00fchren. Sie sind daher selbst daf\u00fcr verantwortlich, Ihre Ertr\u00e4ge aus Direktkrediten im Zuge Ihrer Einkommensteuererkl\u00e4rung anzugeben. Dazu erhalten Sie auf Wunsch selbstverst\u00e4ndlich eine Bescheinigung \u00fcber Ihre Zinseinnahmen.<\/p>\n\n\n\n<p class=\"has-medium-font-size\"><em><strong>Wir halten Sie auf dem Laufenden<\/strong><\/em><\/p>\n\n\n\n<p>Jeweils nach dem Jahreswechsel erhalten Sie Ihren Kontoauszug und wir informieren Sie \u00fcber die Entwicklung des Projekts.<\/p>\n\n\n\n<p class=\"has-medium-font-size\"><em><strong>Schritt f\u00fcr Schritt<\/strong><\/em><\/p>\n\n\n\n<p>Wenn Sie sich entschlossen haben, uns mit einem Direktkredit zu unterst\u00fctzen, dann sind folgende Schritte zu tun:<\/p>\n\n\n\n<p>1. F\u00fcllen Sie den Direktkreditvertrag in zweifacher Ausfertigung aus, unterzeichnen Sie diesen und schicken Sie ihn an uns. Sie erhalten die Formulare entweder als Download auf dieser Internetseite oder per Mail von uns.<br>2. \u00dcberweisen Sie das Geld auf das im Direktkreditvertrag angegebene Konto. Sollten Sie bereits vor der \u00dcberweisung einen gegengezeichneten Kreditvertrag zugesendet bekommen wollen, vermerken Sie dies bitte im Anschreiben.<br>3. Als Kreditgeber\/-in erhalten Sie unmittelbar nach Eingang des Geldes auf unserem Konto eine Best\u00e4tigung und einen gegengezeichneten Vertrag zur\u00fcck.<\/p>\n\n\n\n<p>SL \u2013 Solidarisch Leben Heilbronn GmbH<br>Wollhausstra\u00dfe 49<br>74072 Heilbronn<\/p>\n\n\n\n<p><strong><em>Bei pers\u00f6nlichen Fragen zum Thema Direktkredite:<\/em><\/strong><br>Telefon: 0176 \u2013 &nbsp;20770457 (Mo. bis So., 17-21 Uhr)<\/p>\n","protected":false},"excerpt":{"rendered":"<p>Wie bei allen anderen Projekten im Mietsh\u00e4user Syndikat sind Bankkredite und vor allem Direktkredite von solidarischen Einzelpersonen und Gruppen die Finanzierungsgrundlage unseres Hauses. Neben einem Kredit der GLS Bank, die ausschlie\u00dflich in soziale und \u00f6kologische Projekte und Unternehmen investiert, haben &hellip; <a href=\"https:\/\/w-47.org\/?page_id=17\">Weiterlesen <span class=\"meta-nav\">&rarr;<\/span><\/a><\/p>\n","protected":false},"author":1,"featured_media":0,"parent":0,"menu_order":0,"comment_status":"closed","ping_status":"closed","template":"full-width-page.php","meta":{"footnotes":""},"class_list":["post-17","page","type-page","status-publish","hentry"],"_links":{"self":[{"href":"https:\/\/w-47.org\/index.php?rest_route=\/wp\/v2\/pages\/17","targetHints":{"allow":["GET"]}}],"collection":[{"href":"https:\/\/w-47.org\/index.php?rest_route=\/wp\/v2\/pages"}],"about":[{"href":"https:\/\/w-47.org\/index.php?rest_route=\/wp\/v2\/types\/page"}],"author":[{"embeddable":true,"href":"https:\/\/w-47.org\/index.php?rest_route=\/wp\/v2\/users\/1"}],"replies":[{"embeddable":true,"href":"https:\/\/w-47.org\/index.php?rest_route=%2Fwp%2Fv2%2Fcomments&post=17"}],"version-history":[{"count":0,"href":"https:\/\/w-47.org\/index.php?rest_route=\/wp\/v2\/pages\/17\/revisions"}],"wp:attachment":[{"href":"https:\/\/w-47.org\/index.php?rest_route=%2Fwp%2Fv2%2Fmedia&parent=17"}],"curies":[{"name":"wp","href":"https:\/\/api.w.org\/{rel}","templated":true}]}}